29011363 prime?
False
Is 10356311013 composite?
True
Is 149444747251 a prime number?
False
Is 1502780827 a composite number?
False
Is 7456862779 prime?
False
Is 21370930051 prime?
True
Is 43468530113 composite?
False
Is 7869826381 prime?
False
Is 41920040317 prime?
True
Is 226751737 composite?
False
Is 23876328277 prime?
False
Is 2334266881 a composite number?
False
Is 119232723 a prime number?
False
Is 27139778839 a prime number?
False
Is 536118343 a prime number?
False
Is 529155773 prime?
True
Is 3424271317 prime?
True
Is 762711401 prime?
True
Is 82329908203 prime?
True
Is 6298506029 prime?
True
Is 371120161 composite?
False
Is 1401620197 a composite number?
True
Is 5910758969 composite?
False
Is 123914662201 a composite number?
True
Is 284243003 a prime number?
False
Is 44312141 a composite number?
True
Is 527325661 a prime number?
True
Is 68823431101 a composite number?
True
Is 1479577277 a composite number?
False
Is 6963633527 a composite number?
False
Is 3471798509 a prime number?
True
Is 15217329111 composite?
True
Is 3859062677 a prime number?
True
Is 1365177659 prime?
False
Is 100239803 a prime number?
False
Is 981722213 composite?
True
Is 1529176031 a composite number?
True
Is 4280312521 a composite number?
False
Is 14951118373 a composite number?
True
Is 111017339 composite?
False
Is 14935415419 a prime number?
True
Is 17303060927 composite?
False
Is 1160773183 a prime number?
False
Is 135817117823 a composite number?
False
Is 789304903 a prime number?
False
Is 5008973371 prime?
False
Is 68462509 a prime number?
False
Is 13085022479 a composite number?
False
Is 55312599571 a prime number?
False
Is 49541165417 composite?
True
Is 5772932177 composite?
False
Is 1974284899 a composite number?
False
Is 1652567663 composite?
True
Is 1368608543 composite?
False
Is 103780421 a composite number?
False
Is 8968288369 composite?
True
Is 118115698 a prime number?
False
Is 109418581093 prime?
True
Is 551113127 a prime number?
True
Is 41268657721 composite?
True
Is 463502833 a composite number?
True
Is 2966658407 a prime number?
True
Is 97972289 prime?
True
Is 916941629 a composite number?
True
Is 4159255267 prime?
True
Is 161350531 prime?
True
Is 2230017499 a composite number?
False
Is 24967762007 a composite number?
True
Is 316899787 a prime number?
True
Is 10351779701 prime?
True
Is 40886816609 a composite number?
False
Is 12250873 a prime number?
True
Is 15536107495 a composite number?
True
Is 7091108863 prime?
False
Is 1023247399 a composite number?
False
Is 1960848107 a composite number?
True
Is 807698113 a prime number?
False
Is 451448527 a composite number?
True
Is 1911912043 composite?
False
Is 4055034601 a prime number?
True
Is 25716344851 a composite number?
False
Is 58672357 a composite number?
False
Is 3424273289 composite?
True
Is 2774435243 composite?
False
Is 21969166159 composite?
False
Is 74559761027 a prime number?
True
Is 194588669 a composite number?
True
Is 6049331999 a composite number?
False
Is 25558709513 a composite number?
False
Is 189663829 a prime number?
False
Is 4783637189 composite?
True
Is 12245879683 composite?
True
Is 573885073 a composite number?
False
Is 3509467154 a prime number?
False
Is 31742840081 prime?
False
Is 4839281789 a composite number?
False
Is 1115973011 prime?
False
Is 1495685419 prime?
True
Is 8552414929 prime?
True
Is 6060371269 a prime number?
False
Is 18819553807 composite?
False
Is 224518513 a prime number?
True
Is 981320023 composite?
False
Is 7329622511 a prime number?
True
Is 651357743 a composite number?
False
Is 178746907 a prime number?
True
Is 35883831713 a prime number?
False
Is 59553568093 composite?
False
Is 693242807 a composite number?
False
Is 1567353353 a prime number?
True
Is 3486032933 a prime number?
True
Is 303005023 composite?
False
Is 12853984202 prime?
False
Is 4501762801 a prime number?
True
Is 1782119377 prime?
False
Is 2603126399 prime?
False
Is 59235412843 prime?
False
Is 925783321 a composite number?
True
Is 41539927409 a prime number?
True
Is 61984787 prime?
True
Is 519426419 a prime number?
False
Is 1901864579 a prime number?
False
Is 72487351009 a composite number?
False
Is 219694063 composite?
True
Is 56826572059 prime?
True
Is 1326441449 a composite number?
True
Is 83789139829 prime?
True
Is 123299973689 composite?
False
Is 189860971 composite?
False
Is 773303693 prime?
False
Is 4973500453 a composite number?
True
Is 58919785297 a composite number?
False
Is 5900071942 a prime number?
False
Is 44175002941 composite?
True
Is 3436493563 a prime number?
True
Is 119794810255 a prime number?
False
Is 76870043 a composite number?
True
Is 6298522207 a composite number?
False
Is 15881603731 a composite number?
True
Is 1151415767 prime?
True
Is 7378209929 a prime number?
True
Is 2173944049 a prime number?
False
Is 7716834919 composite?
True
Is 2404047301 a composite number?
True
Is 220230979 prime?
True
Is 38061713 a prime number?
False
Is 2110795577 composite?
True
Is 385323157 composite?
True
Is 3641789561 a composite number?
False
Is 2395476667 composite?
True
Is 271290611 composite?
False
Is 838268843 composite?
False
Is 91334853607 composite?
False
Is 13473741041 prime?
True
Is 18798478739 prime?
False
Is 74747672711 a composite number?
False
Is 1349915513 a composite number?
True
Is 244469994859 a composite number?
False
Is 5695720153 composite?
True
Is 362320313 a composite number?
True
Is 27051350619 composite?
True
Is 616343627 composite?
True
Is 69346672121 a prime number?
False
Is 165097910273 composite?
False
Is 7375462517 composite?
True
Is 842740727 prime?
False
Is 9940591481 a composite number?
False
Is 1730041007 a prime number?
False
Is 7978342157 prime?
True
Is 718545161 prime?
False
Is 5228514091 a composite number?
False
Is 4592695615 composite?
True
Is 2067564635 prime?
False
Is 68582152393 composite?
False
Is 87921201223 prime?
False
Is 576492641 prime?
True
Is 13972681933 composite?
True
Is 751708961 a composite number?
False
Is 19107660599 prime?
True
Is 37689925381 composite?
False
Is 23528040407 prime?
True
Is 6587720699 prime?
False
Is 11696711737 prime?
True
Is 17645515661 a composite number?
False
Is 6681467813 prime?
True
Is 27959289947 a composite number?
True
Is 308574653 a composite number?
True
Is 29580449 composite?
False
Is 16269483613 a prime number?
True
Is 706288543 a composite number?
False
Is 1680326833 composite?
False
Is 63061183111 prime?
False
Is 149250329 a prime number?
False
Is 46027931087 a prime number?
True
Is 29553425185 a composite number?
True
Is 6294046879 prime?
True
Is 390503261 composite?
False
Is 4260848833 a prime number?
False
Is 46182140321 a composite number?
True
Is 1779049441 prime?
False
Is 211093903 a prime number?
True
Is 2673789749 a prime number?
False
Is 1291139 prime?
True
Is 49812121703 composite?
True
Is 10644548377 prime?
False
Is 1113147317 a prime number?
True
Is 8256565895 prime?
False
Is 31557396691 composite?
True
Is 90608311 a composite number?
True
Is 23740637299 a prime number?
True
Is 1022770471 composite?
True
Is 4972853338 prime?
False
Is 7430993371 a prime number?
False
Is 208289351 prime?
True
Is 1011812311 a prime number?
True
Is 8606874691 a prime number?
True
Is 369074627 prime?
True
Is 13065251 prime?
True
Is 80175531983 a composite number?
True
Is 12672459509 composite?
True
Is 1419665183 a prime number?
True
Is 107467184537 composite?
True
Is 42217811 a composite number?
True
Is 7013703173 a composite number?
False
Is 10617543277 prime?
False
Is 560907223 a composite number?
False
Is 39518958041 prime?
False
Is 148477909 a prime number?
False
Is 4269353537 a composite number?
False
Is 70433863399 a composite number?
False
Is 50229188873 composite?
True
Is 42121616519 a composite number?
True
Is 3450529001 a prime number?
True
Is 3030689191 a composite number?
True
Is 592474957 composite?
True
Is 1217638 prime?
False
Is 6451143683 a composite number?
False
Is 35196218219 prime?
False
Is 642714571 composite?
False
Is 348762979 a composite number?
False
Is 517765147 a prime number?
False
Is 4986578027 a prime number?
True
Is 1738492807 a prime number?
True
Is 129802229 prime?
True
Is 25297997635 composite?
True
Is 3612901363 a prime number?
True
Is 11841120535 prime?
False
Is 1